third derivative of -w**5/60 - w**4/4 + 11*w**3/6 + 12*w**2 - 4. Calculate l(-8).
-5
Let x = -33 - -49. Suppose 4*w = 3*v + w - 18, 4*v + 4*w - x = 0. Let t(b) = 2*b - 1. Give t(v).
9
Let j(u) be the third derivative of -u**4/8 - 8*u**2. Give j(6).
-18
Suppose 3*g - 4*f + f - 18 = 0, -g - 24 = 5*f. Let c(r) be the first derivative of r**2 - r - 1. Calculate c(g).
1
Let y be (3 + (4 - 6))*(-6)/(-2). Let k(z) = 0 + 9*z**3 - 10*z**y + z - 5. Calculate k(0).
-5
Suppose -5*i + 6*i = -z, 3*z - 3 = 0. Let d(t) = -26*t**2. What is d(i)?
-26
Let q(y) = -y**2 + 24*y + 10. Let o(p) = -p**2 + 15*p + 7. Let k(x) = -8*o(x) + 5*q(x). Determine k(2).
6
Let w(f) = -3*f + 50. Let h = 111 - 96. Determine w(h).
5
Suppose 3*w = -87 + 108. Let n(y) = 2*y - 9. Give n(w).
5
Let b(k) = k**2 - 7*k - 9. Let q(v) = -v**3 - 7*v**2 - 2*v - 5. Let l be q(-7). Determine b(l).
9
Let d(q) be the first derivative of 9*q - 9/2*q**2 + 1/3*q**3 + 9. Give d(6).
-9
Let s(a) = -a**2 - 7*a + 7. Suppose 70 = -43*l - 188. Give s(l).
13
Let o(c) = 4*c**2 - 9*c - 28. Let q be o(-2). Let y(x) = -x**2 + 7*x + 2. Calculate y(q).
8
Let l(f) = -f - 4. Let n(w) = -4*w - 16. Let x(q) = 9*l(q) - 2*n(q). Suppose 56*u - 32 = 52*u. Suppose 23 = -u*o - 1. What is x(o)?
-1
Let o(l) = 0*l**2 - l**3 + 22 - 4 - 8*l**2 + 76*l - 81*l. Determine o(-7).
4
Let h(o) = 5*o**2 - 17*o + 8. Let x(c) = 3*c**2 - 18*c + 7. Let y(d) = -2*h(d) + 3*x(d). Determine y(-20).
5
Let w(m) be the first derivative of m**4/12 + 4*m**3/3 + 3*m**2 + 8*m - 10. Let j(u) be the first derivative of w(u). What is j(-8)?
6
Let h be (-11 - -1)/(-1 - 1). Let j(c) = 3. Let z(x) = x - 6. Let y(w) = -2*j(w) - 2*z(w). Determine y(h).
-4
Let i(c) = 19 - 5*c**3 - 1 - 14*c**2 + c**3 + 3*c**3 - 9*c + 0*c**3. What is i(-13)?
-34
Let p be 1*(-166)/24 + 7. Let k(c) be the third derivative of 0*c + 0 + 10*c**2 - 1/6*c**3 + p*c**4 + 1/4*c**5. Give k(1).
16
Let d(o) be the second derivative of -o**4/12 - 5*o**3/3 - 4*o**2 - 32*o - 1. What is d(-9)?
1
Let i(x) = x**2 + 9*x + 5. Let q be -1 + 2 + (-8 - -86). Let n = -87 + q. What is i(n)?
-3
Suppose 4*u = -u. Suppose u*i = -i + 2. Let q(t) = -6*t**2 + 0*t + 5*t**2 - t + i*t. Give q(1).
0
Let l(i) = 5*i**2 - 2*i - 3. Suppose -12*p = v - 16*p - 15, 5*v + p = -9. Give l(v).
4
Let s be 0 - 1190/(-12) - 4/24. Let g(b) = -184*b + s*b + 91*b. Suppose -z + 4*c + 22 - 3 = 0, 5*c + 22 = 3*z. Determine g(z).
-6
Let j(b) = b**3 - 15*b**2 - 16*b + 1. Let d(p) = -p**3 + 15*p**2 + 16*p. Let q(v) = 2*d(v) + 3*j(v). Determine q(16).
3
Let j(i) be the second derivative of 5*i**3/6 + 862*i. Calculate j(7).
35
Let o(n) = n**2 - 3*n - 41. Let y = -1341 + 1349. Determine o(y).
-1
Let n be 0 + -1*(1 - 3). Suppose -l = l - n*h - 6, -4*l + 12 = 5*h. Let z(d) = -d**3 + 2*d**2 + 2*d - 4. Calculate z(l).
-7
Let k(o) = -o**3 - 6*o**2 + 3*o - 6. Suppose 9*q + 3 + 51 = 0. Give k(q).
-24
Let h(b) = -b**2 - 5*b + 5. Let c be h(-5). Let p(k) = 8*k - c*k + 4*k - 1 - k. Let u = -2 + 3. Give p(u).
5
Suppose 4*r + 16*s - 14*s + 26 = 0, 3*r - 5*s + 52 = 0. Let m(y) = y**2 + 9*y + 5. What is m(r)?
5
Let j(b) = 6*b + 6. Let l(r) = -21*r - 21. Let w(i) = 18*j(i) + 5*l(i). Let s = -91 + 95. Calculate w(s).
15
Let w(v) = -3*v + 3. Let n(b) = b**2 - 10*b + 9. Let g be n(7). Let d be (-3)/g - (-57)/12. Determine w(d).
-12
Let w(s) = -4*s**3 + 6*s**2 + 8. Let t(x) = -5*x**3 + 7*x**2 + x + 10. Let p(q) = 3*t(q) - 4*w(q). Calculate p(3).
7
Let p(x) be the third derivative of 0 + 0*x + 19*x**2 + 1/8*x**4 + 0*x**3. Suppose 0 = 3*y + o + 8, 0 = 4*o - 3*o + 5. Give p(y).
-3
Let d be (-4)/(-4)*-1 + -25. Let p = d + 68. Let o be p/(-4)*22/(-33). Let f(m) = m**3 - 8*m**2 + 6*m + 6. What is f(o)?
-1
Let c(o) = -o + 82 - 154 + 68. What is c(-7)?
3
Let t(y) be the second derivative of 0*y**4 - 1/2*y**2 - 1/20*y**5 + 0*y**3 + 0 + 11*y. Let v be (3 - 3)/((-1)/(-1)). What is t(v)?
-1
Let c(n) = n**3 - n**2. Let l(j) = -2*j**3 - 10*j**2 + 14*j - 11. Let y(x) = 3*c(x) + l(x). Calculate y(12).
13
Let w = -135 - -67. Let j = w + 70. Let b(c) = -c - 1. Calculate b(j).
-3
Let a(k) = k. Suppose 5*g + 5*h - 25 = 0, -h + 4*h - 20 = -4*g. Let o = g - 1. Calculate a(o).
4
Let g(p) = p - 10. Let w = 111 - 166. Let k be ((-22)/w)/(4/50). Suppose -k*x + 15 = 3*f - 0*f, 3*x - 3*f - 33 = 0. Give g(x).
-4
Let i(l) = l**3 + 6*l**2 - 4. Let k be ((-39)/(-26))/(6/8). Suppose 0 = -0*a + 3*a + k*p + 12, -a - 18 = -4*p. Give i(a).
-4
Let d(k) = -k**3 + 6*k**2 + k - 5. Let j(s) = -s. Let c(u) = d(u) + 6*j(u). Let m(z) = -24*z + 125. Let l be m(5). Calculate c(l).
-5
Let v(j) be the third derivative of -j**6/120 + j**5/12 + 5*j**3/6 + 201*j**2. Let m be (-2)/(-4) - 72/(-16). Determine v(m).
5
Let n(u) = -2*u**3 - 10*u**2 + 33*u + 139. Let x be n(-3). Let q(y) be the third derivative of -y**6/120 + y**5/15 + y**4/8 - 5*y**3/6 + y**2. Determine q(x).
7
Suppose 2*x + k + 2 = 2*k, x + 5*k = 10. Let y(v) = v**2 - 10*v + 24. Let z be y(7). Let s(c) = -12*c + 13*c - c**z + 87 - 94. Calculate s(x).
-7
Let j(m) = -m**3 + 6*m**2 + m - 8. Let i = -28 - -20. Let f = i - -12. Suppose 5*p - 4 = f*p, -2*p - 22 = -5*b. What is j(b)?
-2
Let f = -18 - -20. Suppose 4*d = -f*i + 62, 3*i - i - 2*d - 74 = 0. Suppose -5*c - z + i = 0, -9 = -4*c + 2*z + z. Let w(n) = n - 2. Calculate w(c).
4
Let z(g) = -3*g**2 - 10*g**2 - 9*g - 5*g**2 + 28*g**2 + 12 - 9*g**2. Calculate z(9).
12
Let q(n) = 10*n + 40. Let x(v) = -2*v - 8. Let y(p) = 2*q(p) + 11*x(p). Let s be 3/2 - (-272)/(-32). What is y(s)?
6
Let c(m) = m**2 - m + 1. Suppose -5*q = -6*q + 20. Suppose 3*n + n = q. Suppose 18 = 2*t + n*b, -3*b = 2*t - 4*t + 2. What is c(t)?
13
Let y(u) = -9*u**2 + u. Let n be (-5)/(24/6 - 5). Suppose -n*l + 27 = -0*p - 2*p, 0 = -2*p - l + 3. What is y(p)?
-10
Let t(c) = -6 - 4*c - 7 - 1 - 1. Determine t(-11).
29
Let d(p) = -p**3 + 4*p**2 + 8*p + 7. Let o(q) = q**3 - 3*q**2 - 9*q - 7. Let g(n) = -4*d(n) - 3*o(n). Calculate g(8).
17
Let m(y) be the first derivative of 2*y + 1/2*y**2 + 25. Determine m(4).
6
Let l(a) be the third derivative of a**6/120 + a**5/30 - a**4/6 + a**3/3 + 4*a**2 - 28*a. Give l(2).
10
Let i(f) be the second derivative of -f**4/12 - 7*f**3/6 + 3*f**2/2 + 16*f. Calculate i(-7).
3
Let p(r) be the second derivative of 1/2*r**2 + 0 - 4*r + 0*r**3 + 1/12*r**4. Give p(0).
1
Let m(s) be the second derivative of s**5/20 + s**4/3 - s**3/2 - 5*s**2/2 - s - 26. Give m(-4).
7
Let l(a) = -a**3 - a**2 - a - 3. Let x be 5/25*0/7. Let f be (-5)/3*(-9)/3. Suppose 6*m - f*m = x. Give l(m).
-3
Let q(u) = -u + 2. Let f(n) = 14*n + 7. Let p(c) = -f(c) + 2*q(c). Determine p(-2).
29
Let g be (-6)/27 - (-11)/9. Let w(b) = 3*b**2 - b**2 + 0*b - b**3 - g + b - 5*b**2. Suppose -6 = 2*u - 0*u. Give w(u).
-4
Let s = 27 + -19. Suppose 32 = s*l - 0*l. Let m(b) = b - 4. Determine m(l).
0
Let f(g) = g**2 - 5*g + 8. Suppose 0 = -2*t - 4*t + 144. Let r = -18 + t. What is f(r)?
14
Let l(x) = -x - 5. Let q(c) = -c**2 + 22*c + 44. Let h be q(24). Let i be 12*(22/h - -5). What is l(i)?
1
Let d(v) = v**2 + 6*v - 3. Let a be d(-6). Let w(t) be the first derivative of -t**4/4 - 4*t**3/3 - 5*t**2/2 - 4*t + 869. Determine w(a).
2
Suppose -3 = -r - 0*r. Let a(b) = b + 50. Let l(z) = z + 28. Let q(k) = 4*a(k) - 7*l(k). Give q(r).
-5
Let u(o) be the second derivative of o**4/2 + 13*o**3 + 3*o**2/2 - 24*o - 8. What is u(-13)?
3
Suppose 0 = -4*m + 9*m - 35. Let i(k) = 16*k - 7. Let h(y) = 5*y - 2. Let t(l) = m*h(l) - 2*i(l). Calculate t(-1).
-3
Let a = 35 + -33. Suppose 19 = 2*g + a*i + 3, -5*i = -20. Let s(p) = -4*p + 6. Give s(g).
-10
Let g(j) be the first derivative of j**4/4 - j**3/3 + j**2/2 - 12*j + 59. What is g(0)?
-12
Let n(w) = -w**3 - 5*w**2 + 6*w + 4. Let i(v) = v. Let b(r) = 3*r - 1. Let p(k) = b(k) - 2*i(k). Let z be p(13). Let g = z - 18. Calculate n(g).
4
Let a(q) = -8*q**3 + q. Let l(g) = g**3 + 6*g**2 + 5*g - 1. Suppose 3*y = -1 - 14. Let o be l(y). Let x = -2 - o. Determine a(x).
7
Suppose 2*r + 4*v = 6, r = 6*r + 3*v - 15. Let f(q) = -2 + r - q - 4*q. Give f(-2).
11
Let b(t) = -6*t**2 - 3*t - 258*t**3 + 3 + 257*t**3 - t. What is b(-5)?
-2
Suppose -3*l - 8*f + 29 = -10*f, 0 = 5*l + 2*f - 27. Let k(m) = m**3 - 6*m**2 - 7*m - 3. Determine k(l).
-3
Let f(q) be the third derivative of -5*q**2 + 5/12*q**4 - 1 + 0*q + 1/60*q**5 + 5/3*q**3. C